-11 - 4 - 2) + -3.
0
Calculate -22 + -6 + 17 - (1 + -7).
-5
What is 10 + -6 + -2 - 7?
-5
Calculate 6 - 0 - (0 + (1 - -2)).
3
Evaluate -10 + (10 - (-5 + 13)).
-8
What is the value of 2 + -1 - (11 - 13)?
3
What is the value of 4 + (3 + -2 - 3)?
2
Calculate -9 + (-3 + -1 - -9).
-4
5 - 8 - (-10 + -2)
9
What is -12 + 6 + 4 + 7?
5
What is 0 + 1 + 5 + -2?
4
Calculate 4 + -9 + (6 - 1).
0
7 + -11 + 1 + 1 - 3
-5
What is -8 + 6 + 2 + 1 + -3?
-2
Calculate 2 - -4 - (0 - -1).
5
What is the value of 1 - (-3 - -3) - (4 - 0)?
-3
What is 1 + 0 - (-1 + (-2 - -3))?
1
Calculate -6 + (7 - (-1 - -3) - 2).
-3
Calculate 0 + (-5 - -7) + 4.
6
Evaluate -1 + (-6 - 0) + -7 + 14.
0
Calculate 3 - (0 + (-8 - -6)).
5
-7 - -14 - (-1 + 1)
7
0 + 2 + (8 - 16)
-6
Calculate -4 - -6 - (2 - -2).
-2
Evaluate (0 - -1) + (8 - 6).
3
Calculate 3 + 9 + 11 + -14.
9
Calculate 2 + 1 + -6 + 5 + 1.
3
Evaluate 2 + -1 - (13 + -7) - -5.
0
What is 2 + (3 - 3) + 6 + -11?
-3
Evaluate 7 + 4 + -12 + 5 + -1.
3
(11 - 3) + -7 - 10
-9
0 - 2 - (6 + -7 + 1)
-2
Evaluate 5 - (9 - (6 + -4)).
-2
(3 - 6) + -2 + 3 + 3
1
What is the value of (-4 - (3 + (-9 - -5))) + 3?
0
What is -1 + -7 + (116 - 116)?
-8
What is 1 - (-7 + 7 + -3)?
4
Calculate (2 - -7 - 0) + -15.
-6
Calculate (-5 - -1 - (-7 - -9)) + 5.
-1
Calculate (-4 - 3) + 7 - -5.
5
Evaluate -5 - -4 - 5 - -1.
-5
Evaluate (-1 - 0) + 22 + -27 - -1.
-5
What is the value of (-56 - -62) + 1 + -2?
5
Evaluate 2 + -2 + 0 + 5.
5
What is -8 + (9 + -12 - (0 - 4))?
-7
Evaluate 6 + -1 + (-4 - -4).
5
Calculate -11 + (1 - -12) + -6.
-4
What is (-2 - -4) + 3 + (-1 - 1)?
3
What is 4 + (-2 - 2) - -1?
1
What is the value of -2 + 2 + 6 + -10?
-4
What is -3 - -10 - 4 - (-1 + -1)?
5
(-21 - -20) + -1 + 0
-2
What is the value of 2 - (-1 - (-1 - -2))?
4
Calculate (-8 - -6) + (2 - 4).
-4
Calculate -5 + 7 + -1 - (0 + -5).
6
What is the value of -1 - 0 - (-5 + 5 + -5)?
4
What is 0 - (-3 + 5) - (3 - 2)?
-3
-2 - (-5 + (3 - 2 - -1))
1
Calculate (-12 - (-1 + -6)) + 1.
-4
Evaluate (6 - 2 - 2) + -2 + 5.
5
Evaluate (0 - -1 - -7) + (46 - 45).
9
Calculate -9 - ((3 - 5) + 1).
-8
-11 + 0 + (6 - (5 - 5))
-5
0 - 2 - (-9 + (6 - 2))
3
Evaluate 5 + -2 - (-9 - (-5 + -1)).
6
What is 8 - ((-3 - -3 - 2) + 5)?
5
What is 0 + -2 + 1 + (0 - -1)?
0
-3 - ((-2 - -5) + -1) - -6
1
Calculate 3 - (6 - (-2 - -6) - 4).
5
Evaluate 6 + -6 + (0 - -3) - 7.
-4
What is the value of (1 + (-1 - 4) - 1) + 5?
0
What is the value of -11 + 7 + -1 - -8?
3
What is the value of -4 - (3 + 3 - 5)?
-5
Evaluate 4 + -1 - (4 + -3).
2
What is 2 + -2 - (-2 - -4)?
-2
Calculate 2 + -9 + 1 + 6 + -5.
-5
2 + 0 - (-1 + -3 + 2)
4
What is -3 - (1 + -1) - 1?
-4
Evaluate (-1 - -6) + -1 + -1.
3
Evaluate 0 + (7 - (7 - 4)) + -2.
2
(-3 + -1 - (-1 - 5)) + 2
4
-1 + (2 + 5 - 3) + 1
4
Evaluate 7 + 1 + -2 + -1.
5
-1 + 0 + (-4 - -7) + 1
3
What is (-11 + 19 - 7) + -2 + -2?
-3
-9 + 8 + (1 - (-3 - -8))
-5
What is the value of -12 - (1 - (4 - -5))?
-4
Evaluate -7 + 5 + -2 - (-1 + -1).
-2
15 - (39 + -36 - (1 - 5))
8
Calculate -4 + 0 + 0 - -2.
-2
What is the value of -2 + 0 + 1 + -54 + 54?
-1
Evaluate -6 + (-1 - -4 - -2).
-1
Calculate 3 - (1 - (-2 - -2)).
2
Calculate -13 - (5 - (12 + -1)).
-7
(-12 - (-26 + 12)) + -2
0
Evaluate -9 - (7 + -7 + -3 + 0).
-6
-3 + (-2 - -8) + 1
4
What is the value of -5 + -5 + 6 - 0?
-4
Calculate 0 + 4 + 0 + -3 + 3.
4
Evaluate -1 - (-4 - (2 - (8 - 2))).
-1
What is 7 - -8 - 11 - 5?
-1
What is (6 - 5) + 2 + -3?
0
(-3 + 5 + -3 - -3) + -6
-4
(0 - 3) + -2 + 4
-1
Calculate -2 - (0 - ((-3 - -7) + 1)).
3
Calculate -1 + (1 - -4) + -1 + -2.
1
Evaluate -2 + -5 + 3 + 4.
0
What is the value of -7 - (4 + -5) - -4?
-2
What is the value of 5 + -6 + -1 + 0 + -3?
-5
What is 1 - ((1 - 0) + 5)?
-5
Evaluate (-1 - -2) + 113 + -108.
6
What is (-3 - 11) + 6 - -10?
2
What is the value of -1 + -4 + 1 + 1?
-3
Calculate 4 + -2 - -7 - 6.
3
8 + 3 - (11 - 5)
5
Evaluate -6 - (-12 - -5 - -2).
-1
What is the value of 1 + 2 + (1 - (7 - 3))?
0
What is 0 - (5 + -3) - (3 - 2)?
-3
Evaluate 4 - 0 - (20 - 13).
-3
What is the value of -8 + -1 + 9 - -2?
2
What is -5 - (8 + -4 - 19)?
10
Evaluate 5 + -12 + (3 - 1).
-5
Calculate -1 + 0 + -1 - (0 + 0).
-2
What is the value of (-1 - 1) + -3 + -9 + 20?
6
Calculate (1 - -1) + (3 - (18 + -15)).
2
(-17 - -9) + (12 - (4 - -3))
-3
What is -2 + 0 + (-4 - -7 - 1)?
0
4 - (5 - -8 - 6 - 5)
2
What is 19 + (-7 - (4 - 0))?
8
Evaluate -6 - ((6 - 1) + -11 + 2).
-2
Evaluate 0 - -6 - (-19 - -29).
-4
Calculate (1 - 2) + (5 + -11 - -13).
6
Evaluate (6 - 3 - 6) + (4 - 3).
-2
(-4 - (3 - 2) - -1) + -2
-6
What is 0 + 2 - (-11 + 11)?
2
What is 1 + 0 + 6 + -6?
1
Calculate ((2 - 3) + 3 - 2) + 3.
3
Calculate 2 + 15 - (-15 - -22).
10
What is the value of 2 - 3 - (0 + 0 + -1)?
0
What is the value of -1 + (-8 - 2) + 8?
-3
What is 1 - -10 - ((12 - 16) + 7)?
8
0 - (5 + (0 - 5))
0
What is (2 - -2) + -2 + -3?
-1
Evaluate 4 + 4 + (-8 + 0 - -3).
3
Calculate 1 + (3 + (-6 - -6) - 2).
2
Evaluate -5 + 3 + (-3 - -1 - -6).
2
Calculate 2 + -8 + 5 - (3 + 0).
-4
Calculate -3 + 1 - (4 + -5 + 4).
-5
(2 + 10 - 5) + -4
3
Evaluate -8 - -1 - (-11 + (24 - 13)).
-7
What is the value of 7 + -7 + -2 + -2 + 0?
-4
Calculate 1 + -2 + -1 - 3.
-5
What is 38 + -33 + -6 + 1?
0
Evaluate (5 - 0) + -9 + (-1 - -1).
-4
(0 - 12) + (84 - 78)
-6
What is 0 - 3 - -8 - 3?
2
Calculate (-2 - (-5 - (-4 - 0))) + 3.
2
Evaluate 1 + -9 + 12 - 6.
-2
What is -8 + (3 - (6 + -7))?
-4
Evaluate 0 + (0 - (-2 + 7)).
-5
Evaluate 1 - (2 - 1 - (-4 - -1)).
-3
Evaluate 1 - 3 - (-3 - -6).
-5
Evaluate (2 - 2) + (-13 - -15).
2
Evaluate -3 - (1 + -3 - (13 - 16)).
-4
What is the value of 4 - (0 + 3 - (-12 - -7))?
-4
Calculate (-2 - 0) + (4 - -2).
4
Evaluate (-15 + -1 - -9) + 3.
-4
Evaluate 0 - 5 - (8 + (-10 - 1)).
-2
Evaluate 5 + (-3 - 0) - -4 - 1.
5
Calculate -5 + 2 - -3 - 3.
-3
What is the value of -1 + (3 - (-7 + 15))?
-6
Evaluate -1 - (1 - -2) - -1.
-3
Evaluate 4 + -8 - ((6 - 3) + -6).
-1
What is the value of (0 - (-1 - -1 - 5)) + -6?
-1
What is 13 + -19 - (-7 - -1)?
0
What is the value of 2 + -1 - 1 - 1?
-1
What is -6 - (4 - (-4 - -13) - -2)?
-3
Evaluate (0 - 1) + (-80 - -78).
-3
Evaluate -1 + -7 + 3 + -1 + 5.
-1
What is the value of -1 - (2 - -4 - 9) - 3?
-1
What is the value of (2 - (-3 - -4)) + -4 + 7?
4
What is -6 + (-3 - -3 - -4)?
-2
1 + -9 - (-5 + 5 + -4)
-4
What is (1 - 6) + (-43 - -50)?
2
What is the value of -20 - -6 - -2 - -3?
-9
Evaluate 0 + (-1 - -6) + 1 - 5.
1
What is -3 - ((-5 - -9) + -3)?
-4
Evaluate -1 + (-10 - -5) + 3 + -1.
-4
-4 + (-4 - -2) - -7
1
Evaluate 10 + -2 + 3 + -2 + -3.
6
Evaluate (-1 + 0 - 1) + (-17 - -24).
5
Calculate 5 + 2 + -3 + 0.
4
-3 + 4 + 2 - 5
-2
What is (-4 - -30 - 12) + -4?
10
Calculate (2 - -7) + -6 + -7.
-4
What is 13 - ((-4 - -18) + -7)?
6
(-5 - -9) + -10 - -8
2
21 - 9 - (8 - (7 - 3))
8
Calculate 0 + 10 + -2 + -5.
3
What is the value of -5 + 20 + (-7 - 3)?
5
Calculate -10 + 0 + 9 + 8.
7
Evaluate -3 - (-3 - (-1 + 3)).
2
Evaluate -1 + 1 - (3 - (-10 - -11)).
-2
-11 + 18 + (2 - 2)
7
Evaluate -2 + (-6 - (2 + (1 - 6))).
-5
Evaluate 2 + -1 + 1 - 0.
2
What is 2 + 4 + (2 - 5)?
3
What is the value of (-14 - -14) + (2 + 0 - -1)?
3
Evaluate -71 + 64 + (3 - -1) + -1.
-4
What is 0 + -4 - (4 + -9)?
1
Evaluate (-4 - 2) + 5 + -2.
-3
What is the value of 0 - 4 - -2 - -3 - 3?
-2
What is 3 - (-1 + (1 - -4) + 4)?
-5
(1 - (4 - 1)) + 1 - -2
1
-2 + (-1 - 1 - -1)
-3
Calculate 10 - (0 - -8 - (4 - 0)).
6
Evaluate (1 - 6) + (-6 - -3 - -4).
-4
-2 - (4 - 2 - (-1 + 2))
-3
What is 0 - (-14 - -6 - -13)?
-5
2 + -3 + 2 - 7 - 3
-9
What is the value of -1 - ((10 - 9) + (-10 - -4))?
4
What is the value of -6 + (32 - 23) + 3 + 0?
6
Evaluate 5 + (-4 - -5) + -3.
3
Calculate -6 - (-8 - (-2 + -4)).
-4
1 + -3 - (-69 + 73)
-6
Calculate 0 + -1 - 1 - (-33 - -33).
-2
What is the value of 4 + -3 + (-8 - (1 - 4))?
-4
What is (0 + 9 - 4) + -3?
2
What is 1 + (-11 - -3) + 4?
-3
Evaluate -2 + (2 - -6) - 7.
-1
Evaluate 1 + 5 + (1 - (-2 - -8)).
1
What is the value of -9 - (3 - 7) - -7?
2
What is the value of (-2 - 1) + (4 - (-1 + 2))?
0
What is 2 + 0 + (-2 + 2 - -3)?
5
What is the value of -4 + -11 + 4 + 6 + 13?
8
Calculate 6 + 4 + -4 - -9 - 6.
9
Evaluate (3 - 5) + 4 + -4.
-2
Calculate 1 - (-6 + 5) - 0.
2
6 + -3 + (2 - 4)
1
-5 + -13 + 14 - (1 + -7)
2
What is the value of 5 + -13 + 5 + 2?
-1
What is (4 - (-13 - -25)) + 11?
3
What is 5 + 1 - (-2